43 + 25
21
Evaluate -4 + -2 + (-2 - 1 - (-269 + 272)).
-12
Evaluate -84 + 39 + 31 - -8.
-6
What is the value of 605 + -595 - (23 + 2 - 2)?
-13
Calculate 8 - (8 - (8 - 17)) - -4.
-5
Evaluate 12 + -2 - (-37 + 15 + 10).
22
Evaluate 9 + (-4 - 11) + 16.
10
Evaluate 6 - (17 - (-3 - (-14 - -3))).
-3
Calculate 17 - -1 - (-22 + -22 + 45).
17
What is (-13 - -8) + 28 + -15?
8
-4 + (-16 - -18 - 0)
-2
Evaluate -8 - ((-5 - -3) + -13) - (-3 - -1).
9
Calculate 11 - ((4 - 9) + 13).
3
What is (-33 - -1) + -2609 + 2662?
21
8 - (19 + (0 - 0))
-11
What is the value of -2 - -2 - -27 - (-27 - (-14 - 20))?
20
What is -1 + -12 - (239 + -240)?
-12
Calculate -8 + 3 + -6 - -12.
1
What is -21 - 23 - -6 - -5?
-33
Evaluate (-26 - -11) + -4 + 21.
2
-9 + -1 + (-13 - (-13 - 5)) - -2
-3
What is the value of 1 + -22 + 721 + -696?
4
Evaluate (-3 - -10) + -2 - 13.
-8
(13 - 15) + -1 + 3 - 23
-23
Calculate 5 + -5 + (10 - 19).
-9
34 - 34 - (-8 + (2 - -1) + -2)
7
What is -16 + (4 - -11) - 12?
-13
Calculate -46 + 9 + 22 + -3.
-18
Calculate 4 + 3 + (4 - -1).
12
What is (7 - (2 - (-1 + 0))) + -6?
-2
What is the value of (2 - 18) + 8 + -17 + 26?
1
14 - ((-2 - (7 + -1)) + (22 - 19))
19
Evaluate 2 + 4 - (-445 - -461).
-10
Evaluate 5 - -24 - -3 - 1.
31
Calculate -9 - ((23 - 20) + (0 - 3)).
-9
(-4 - -5) + 2 - ((-6 - -8) + -9)
10
What is the value of 40 + (732 + -735 - (6 - (-3 - -1)))?
29
Calculate (378 - 346) + 2 + -44.
-10
Calculate (-566 - -571) + (-6 - (-2 - 1) - -26).
28
(-16 - (-32 - -19)) + 1
-2
Evaluate 2 + 6 + -23 + -2 + 8.
-9
What is 217 + -231 - (-2 + -15)?
3
Evaluate 97 + -87 + (-5 - -3 - -1).
9
Calculate 43 + (86 - 48) + -67.
14
9 + 8 + -4 - (1 - -8)
4
Evaluate -48 - (-39 + 35 + -36).
-8
8 - -12 - (3 + 4) - -2
15
Calculate (3 + -6 - -9) + (-42 - -40) - 0.
4
Evaluate 15 + (-2 - (1 - 7 - -13)).
6
What is the value of 11 - (-6 + 6 - 6 - -11)?
6
What is the value of -15 + (-3 + 14 - 3)?
-7
Calculate 20 + -15 + 6 - 7.
4
What is -3 + 0 - (-29 - (8 + -18))?
16
What is the value of 2 + (-19 - -3 - -19)?
5
Evaluate -255 + 253 + 5 + 1.
4
Calculate 0 - ((-2 - -12) + 31 + -25 - 3).
-13
(-1 - 4) + 15 + 0 + -15
-5
-22 - -20 - 8 - (-33 + -1)
24
What is the value of 12 + (-91 - -35) - -48?
4
Calculate -15 - (2 + -4 + (-11 - -5)).
-7
Evaluate -10 - (-6 + (-11 - -2) + 10).
-5
What is the value of (3 - (10 + 15)) + 29?
7
What is the value of (68 + -75 - (-14 + 0)) + -15 + 12?
4
Evaluate 1 - 17 - (14 - 5 - (-26 + 46)).
-5
Calculate -21 - (7 + -14) - -26.
12
Calculate 1 - (0 - -5) - (-143 - -144).
-5
Calculate -26 - (2 + -1 + -17 + 9).
-19
What is -13 + (4 - 6) - -10 - -9?
4
What is -10 - (-1 + 0) - (6 - (49 + -15))?
19
What is 24 - (22 - (17 - 11))?
8
What is (1 + -3 - (-93 - -105)) + 25?
11
Evaluate -23 + -22 + 23 - -23.
1
Calculate 160 - 180 - (-5 + (2 - 2)).
-15
What is -29 - (-3 + 4 + -13 + -66 + 77)?
-28
Evaluate -10 - (-39 + -8 + (7 - -5 - -8)).
17
Evaluate -28 - 1 - (8 + -14 - -10 - 4).
-29
Evaluate -21 + (4 - (-16 + -1)).
0
(0 - -3 - (-6 - -21)) + 213 + -217
-16
What is the value of -21 + 0 + 6 - (6 - (-5 - 0))?
-26
What is (74 + -35 - 45) + (3 - -1) - 9?
-11
Evaluate -19 - -18 - -12 - (4 + 21) - -5.
-9
What is the value of 34 - 3 - 34 - (2 + -3)?
-2
Evaluate 9 - -34 - 30 - 16.
-3
(-44 - -57) + (-6 - -1) - -2
10
What is the value of (14 + -8 - 4) + -8 + -2 + 3?
-5
What is -2 - -1 - (3 + (9 - 6) + 0)?
-7
Evaluate -19 + 23 - (1 + 4 + 0 + -3).
2
What is the value of (-1 - (0 + -5) - (177 - 182)) + 24?
33
Evaluate 0 - 16 - (10 - (14 - -1)) - 1.
-12
What is the value of 2 + -4 + (218 - 197)?
19
What is -35 - (-26 + 22 - 58)?
27
What is (2 - 2) + (20 - 4 - 33)?
-17
Calculate 6 + -13 - (0 - 8) - -12.
13
-4 + 6 + -4 - (20 - 27)
5
Evaluate -12 + 4 + -14 + (1 - 4 - -3).
-22
What is -17 - (-7 + 2 + 2 + -6 + 3)?
-11
What is (-7 - 0) + -1 + -6 + 22 + -29?
-21
-14 + 11 + (-1 - (3 - (-2 + -2)))
-11
What is (-13 - -14) + 1 + 13?
15
-3 - (0 + -5) - (4 - 13)
11
Evaluate -15 - -1 - ((-17 - 4) + 14).
-7
Calculate 7 + -11 + (-7 - (1 - 7)) + 0.
-5
-20 + (0 - 14) + (128 - 109)
-15
Evaluate (-64 - -51) + (9 - 0).
-4
Calculate 9 + -51 + 12 - -19.
-11
Evaluate 17 - (19 + -24 - -30).
-8
Evaluate 111 + -127 - (1 - 2).
-15
What is (10 - (-1 + (-6 - -16))) + (12 - -1)?
14
Calculate 27 - (8 + -2 + 2 + 4).
15
What is 1 + -4 - (533 + -539)?
3
Calculate -10 - ((-15 - -14) + -5 + 0 + 6).
-10
What is 6 + -1 + 6 + -2 + -4 + 5?
10
What is 23 - (4 - (-6 + 6 - -1))?
20
What is the value of -1155 - -1138 - (7 + (0 - -1))?
-25
What is the value of (-16 - -15) + (1 - 0) + -7 + 6?
-1
What is the value of -10 + (-8 - -13) + 2 + 1?
-2
What is the value of 45 + 0 + -26 + -18?
1
Calculate 6 + (-24 + 0 - (31 - (56 + -25))).
-18
-12 + (5 - (-20 + -8 + 17))
4
0 + (-12 - (1 - 17))
4
Calculate 7 + (-18 - (-12 + 9)).
-8
What is (-10 - (102 + -147)) + (-16 - 0)?
19
Calculate -10 + (6 - (4 + -2)) - (-45 - -34).
5
-9 - (-13 - (-6 - 7))
-9
-20 + 21 + 24 - (-2 + 16)
11
What is -8 + (3 + 33 - (-1 - 14 - -10))?
33
Calculate (-6 - -9) + (-31 - (-1 - -4)) - -9.
-22
6 + 18 + (-13 - (-3 + -5))
19
What is the value of -6 + 8 + 6 + (2 - 0)?
10
Evaluate (-36 - (3 + -23)) + (0 - -8).
-8
Calculate (4 - 2 - 0) + (-2 - -7).
7
Evaluate -1 - ((34 - 36) + 4 + 2).
-5
What is -11 + -15 + 16 - (5 + 4 + -50)?
31
What is the value of -6 - (-9 - (-17 - 0))?
-14
What is the value of 7 + (-6 + (-16 - -5) - 1)?
-11
What is the value of 1 + 7 - (6 + (8 - 0) + 7)?
-13
Calculate -1 + -30 - (-505 + 456).
18
Calculate 0 - (6 + -7 + 13).
-12
Calculate 2 - 43 - (3 + -10 - 10 - -6).
-30
Evaluate -3 - -5 - (1 + -3) - (268 - 267).
3
What is 1 + -1 + (-29 - -18)?
-11
Evaluate -32 - -8 - -11 - 1.
-14
Calculate -8 + (0 - -1) + 133 + -121.
5
Evaluate 7 + (73 - 64) + (-1 - 3) + 1.
13
What is the value of 32 - 12 - (-6 + 12 + 1)?
13
Evaluate -4 + (9 - 2) + (22 - 6).
19
What is the value of (-60 + -3 - -8) + 32?
-23
What is the value of 41 + -4 + 7 + (-18 - 0)?
26
Calculate (-2 + 1 - 0 - (29 - 20)) + 4.
-6
What is the value of -6 + -5 + (-5 + (14 - 8) - 3)?
-13
What is the value of -2 + -12 + -50 + 53?
-11
Calculate -17 - (10 - (-6 + 18 - 2)).
-17
What is the value of 43 - (-27 + (17 - -23))?
30
What is 14 - (1 + 3) - (-1 - -14) - 3?
-6
What is 224 - 203 - (-1 - -15)?
7
-6 + (17 + -13 - -23 - (3 + -1))
19
23 + (-2 - (18 - (18 - 14)))
7
Calculate (-4 + 2 - (21 + -58)) + -8 - 6.
21
Evaluate (-7 - -10) + (-6 - -7).
4
Evaluate (-46 - -39) + (1 + -5 - -19).
8
What is the value of (-10 - -46) + 7 - 15?
28
29 + -16 + 1 + -14
0
Evaluate (-29 - (-17 + 10)) + 10.
-12
(-27 - 10) + (-58 - -119)
24
What is the value of (-3 - -5) + (3 - (12 - 15))?
8
3 - (31 - (16 + (-22 - -8)))
-26
9 - (22 + -21) - 7
1
What is 15 - (0 + 0 - (-4 + (19 - 13)))?
17
Evaluate -13 + 11 + 20 + -10.
8
Calculate (-19 - -3) + -59 + 91.
16
What is the value of -17 - -17 - (-6 - -2 - 8)?
12
Evaluate (-1 - (1 + -19)) + 842 + -850.
9
What is the value of -9 + 19 + -3 + 15 + -14?
8
What is the value of -17 - ((5 - 13) + -7)?
-2
What is the value of (-139 - -126) + 0 + 8 + -4?
-9
-1914 + 1905 + 30 + (0 - 1 - -2)
22
(11 - (65 + -23 + (-2 - -11))) + 5
-35
Calculate 411 + -399 + (-3 - 19).
-10
Calculate (19 - 24) + -24 - -12.
-17
(27 - 33) + 1 + -1 - 0
-6
Evaluate (-2 - -1) + (-46 - -38).
-9
Calculate 10 + 1 + (-67 - -36).
-20
What is (-13 - 4) + (21 - 31 - (-1 + -7))?
-19
Calculate -11 - (-4 + 3 + (6 - 6) + 2).
-12
What is the value of 0 + 2 - (-5 - (4 - 4 - 14))?
-7
Evaluate -7 - (7 + -18 - (-5 - -9)).
8
Calculate 16 + -42 + -2 + 4 - -5.
-19
What is the value of 4 + 4 - (3 - (-2 - -5))?
8
What is 65 - (14 + 16) - 30?
5
What is the value of -16 + (-9 - -31) + 9 + 6?
21
(11 - (-10 - 2)) + 10
33
18 + (-2 - -1) + -9 + 14
22
Evaluate -32 + 18 + 13 + 1 + 1 + 2.
3
What is the value of 40 + (4 - -10 - (45 - 12))?
21
What is the value of 20 + (15 - (-19 + 33))?
21
Evaluate 4 + -12 + -2 + (7 - -1).
-2
What is the value of -11 + (2 - (1 - 5)) + -5?
-10
Evaluate -12 + 6 + -32 + 13.
-25
What is the value of (-1 - 25) + -976 + 1043?
41
Evaluate 4 + -25 + 2 + 18.
-1
What is (-9 - -3) + (-1 - -5) - 20?
-22
Calculate 4 - (15 - 12 - 9) - (-6 + 4).
12
What is the value of (-21 - -12 - -5) + -7?
-11
Evaluate 5 - ((-8 - 0) + 22) - -20.
11
What is the value of 7 - (58 - (93 - 93 - (-11 + -1)))?
-39
What is the value of -2 + (1 - 1 - -6) - (225 + -230)?
